{"id":103,"date":"2018-06-08T11:34:47","date_gmt":"2018-06-08T14:34:47","guid":{"rendered":"http:\/\/noblind.com.br\/clientes\/CMA\/site\/?page_id=103"},"modified":"2025-07-23T15:48:39","modified_gmt":"2025-07-23T18:48:39","slug":"fusoes-aquisicoes","status":"publish","type":"page","link":"https:\/\/cmalaw.com\/homolog\/areas-de-atuacao\/areas-de-pratica\/fusoes-aquisicoes\/","title":{"rendered":"Fus\u00f5es &#038; Aquisi\u00e7\u00f5es"},"content":{"rendered":"<p><span style=\"color: #081572;\"><strong><i>Assessoramos nossos clientes nas mais diversas opera\u00e7\u00f5es de fus\u00f5es e aquisi\u00e7\u00f5es de modo completo, multidisciplinar, inovador e sofisticado.<\/i><\/strong><\/span><\/p>\n<p>Possu\u00edmos uma consolidada experi\u00eancia em fus\u00f5es e aquisi\u00e7\u00f5es (M&amp;A) envolvendo empresas nacionais e estrangeiras, companhias abertas e fechadas, nas mais diversas opera\u00e7\u00f5es, incluindo compra e venda de participa\u00e7\u00f5es societ\u00e1rias e outros ativos, bem como a realiza\u00e7\u00e3o e o recebimento de investimentos e reorganiza\u00e7\u00f5es societ\u00e1rias.<\/p>\n<p>Nosso time \u00e9 altamente especializado e tem ampla experi\u00eancia em opera\u00e7\u00f5es de elevado grau de complexidade, as quais envolvem os mais diversos setores da economia.<\/p>\n<p>Atuando em sinergia com outras \u00e1reas do escrit\u00f3rio a fim de prover sempre um servi\u00e7o multidisciplinar, completo, inovador e sofisticado, acompanhamos o cliente em todas as fases da negocia\u00e7\u00e3o e da opera\u00e7\u00e3o.<\/p>\n<p>Beneficiamo-nos de uma experi\u00eancia acumulada ao longo dos \u00faltimos 40 anos de exist\u00eancia do Campos Mello Advogados para atuar nas mais diversas opera\u00e7\u00f5es do pa\u00eds, incluindo em parte das opera\u00e7\u00f5es mais relevantes anunciadas.<\/p>\n<p><strong>Dentre os servi\u00e7os que prestamos na \u00e1rea de fus\u00f5es e aquisi\u00e7\u00f5es (M&amp;A), destacamos assist\u00eancia jur\u00eddica em:<\/strong><\/p>\n<ul>\n<li>Constitui\u00e7\u00e3o de sociedades;<\/li>\n<li>Planejamento e estrutura\u00e7\u00e3o de neg\u00f3cios e atividades empresariais;<\/li>\n<li>Organiza\u00e7\u00e3o de joint ventures, cons\u00f3rcios, associa\u00e7\u00f5es, funda\u00e7\u00f5es, parcerias e outras formas de organiza\u00e7\u00e3o e explora\u00e7\u00e3o de neg\u00f3cios;<\/li>\n<li>Reorganiza\u00e7\u00e3o societ\u00e1ria (incorpora\u00e7\u00e3o, cis\u00e3o, fus\u00e3o, <i>drop<\/i> <i>down<\/i> etc.);<\/li>\n<li>Auditoria jur\u00eddica (due diligence);<\/li>\n<li>Participa\u00e7\u00e3o ou condu\u00e7\u00e3o de leil\u00f5es privados;<\/li>\n<li>Compra e venda de participa\u00e7\u00e3o societ\u00e1ria ou de ativos;<\/li>\n<li>Opera\u00e7\u00f5es envolvendo a realiza\u00e7\u00e3o ou o recebimento de investimentos;<\/li>\n<li>Private equity e venture capital;<\/li>\n<li>Defini\u00e7\u00e3o e aperfei\u00e7oamento de governan\u00e7a corporativa.<\/li>\n<\/ul>\n","protected":false},"excerpt":{"rendered":"<p>Assessoramos nossos clientes nas mais diversas opera\u00e7\u00f5es de fus\u00f5es e aquisi\u00e7\u00f5es de modo completo, multidisciplinar, inovador e sofisticado. Possu\u00edmos uma consolidada experi\u00eancia em fus\u00f5es e aquisi\u00e7\u00f5es (M&amp;A) envolvendo empresas nacionais e estrangeiras, companhias abertas e fechadas, nas mais diversas opera\u00e7\u00f5es, incluindo compra e venda de participa\u00e7\u00f5es societ\u00e1rias e outros ativos, bem como a realiza\u00e7\u00e3o e [&hellip;]<\/p>\n","protected":false},"author":14,"featured_media":0,"parent":55,"menu_order":0,"comment_status":"closed","ping_status":"closed","template":"page-area-atuacao.php","meta":{"_acf_changed":false,"footnotes":""},"class_list":["post-103","page","type-page","status-publish","hentry"],"acf":[],"_links":{"self":[{"href":"https:\/\/cmalaw.com\/homolog\/wp-json\/wp\/v2\/pages\/103","targetHints":{"allow":["GET"]}}],"collection":[{"href":"https:\/\/cmalaw.com\/homolog\/wp-json\/wp\/v2\/pages"}],"about":[{"href":"https:\/\/cmalaw.com\/homolog\/wp-json\/wp\/v2\/types\/page"}],"author":[{"embeddable":true,"href":"https:\/\/cmalaw.com\/homolog\/wp-json\/wp\/v2\/users\/14"}],"replies":[{"embeddable":true,"href":"https:\/\/cmalaw.com\/homolog\/wp-json\/wp\/v2\/comments?post=103"}],"version-history":[{"count":8,"href":"https:\/\/cmalaw.com\/homolog\/wp-json\/wp\/v2\/pages\/103\/revisions"}],"predecessor-version":[{"id":16585,"href":"https:\/\/cmalaw.com\/homolog\/wp-json\/wp\/v2\/pages\/103\/revisions\/16585"}],"up":[{"embeddable":true,"href":"https:\/\/cmalaw.com\/homolog\/wp-json\/wp\/v2\/pages\/55"}],"wp:attachment":[{"href":"https:\/\/cmalaw.com\/homolog\/wp-json\/wp\/v2\/media?parent=103"}],"curies":[{"name":"wp","href":"https:\/\/api.w.org\/{rel}","templated":true}]}}