{"id":18399,"date":"2026-01-23T14:54:14","date_gmt":"2026-01-23T17:54:14","guid":{"rendered":"https:\/\/cmalaw.com\/?page_id=18399"},"modified":"2026-01-26T10:01:12","modified_gmt":"2026-01-26T13:01:12","slug":"comercio-internacional","status":"publish","type":"page","link":"https:\/\/cmalaw.com\/homolog\/areas-de-atuacao\/areas-de-pratica\/comercio-internacional\/","title":{"rendered":"Com\u00e9rcio Internacional"},"content":{"rendered":"<p><span style=\"color: #003366;\"><em><strong>A \u00e1rea de International Trade do escrit\u00f3rio oferece assessoria estrat\u00e9gica e integrada para empresas que atuam ou desejam atuar no com\u00e9rcio global de bens e servi\u00e7os.<\/strong><\/em><\/span><\/p>\n<p>&nbsp;<\/p>\n<p>Nossa atua\u00e7\u00e3o combina profundo conhecimento regulat\u00f3rio, s\u00f3lido entendimento do ambiente aduaneiro-tribut\u00e1rio e expertise em mecanismos de defesa comercial, com foco em mitigar riscos, ampliar oportunidades de mercado e assegurar conformidade em opera\u00e7\u00f5es transfronteiri\u00e7as.<\/p>\n<p>&nbsp;<\/p>\n<p>Assistimos clientes em todos os aspectos do com\u00e9rcio exterior, incluindo estrutura\u00e7\u00e3o de opera\u00e7\u00f5es de importa\u00e7\u00e3o e exporta\u00e7\u00e3o, assessoria na determina\u00e7\u00e3o dos tributos e al\u00edquotas aplic\u00e1veis sobre importa\u00e7\u00f5es e exporta\u00e7\u00f5es de bens e servi\u00e7os, planejamento envolvendo classifica\u00e7\u00e3o fiscal, aplica\u00e7\u00e3o das regras de valora\u00e7\u00e3o aduaneira do GATT, obten\u00e7\u00e3o de regimes especiais aduaneiros (e.g., REPETRO, Admiss\u00e3o Tempor\u00e1ria, Drawback, etc.) e procedimentos de licenciamento junto \u00e0s autoridades brasileiras (i.e., habilita\u00e7\u00e3o no SISCOMEX). Tamb\u00e9m atuamos de forma consultiva e contenciosa em mat\u00e9rias relativas a barreiras t\u00e9cnicas e sanit\u00e1rias, acordos comerciais multilaterais, regionais e bilaterais, al\u00e9m das normas da Organiza\u00e7\u00e3o Mundial do Com\u00e9rcio (OMC) e de organismos internacionais correlatos.<\/p>\n<p>&nbsp;<\/p>\n<p>Nossa equipe assessora clientes na prepara\u00e7\u00e3o e defesa em <strong>investiga\u00e7\u00f5es de trade remedies<\/strong> (como antidumping, subs\u00eddios\/medidas compensat\u00f3rias e salvaguardas), na an\u00e1lise e negocia\u00e7\u00e3o de <strong>acordos de prefer\u00eancia tarif\u00e1ria<\/strong>, e na representa\u00e7\u00e3o em fiscaliza\u00e7\u00f5es aduaneiras, lit\u00edgios administrativos, judiciais e internacionais envolvendo autoridades governamentais competentes<\/p>\n<p>&nbsp;<\/p>\n<p>Como parte da nossa atua\u00e7\u00e3o em compliance e preven\u00e7\u00e3o \u00e0 fraude, desenvolvemos projetos de trade compliance voltados \u00e0 identifica\u00e7\u00e3o, mitiga\u00e7\u00e3o e controle de riscos associados a opera\u00e7\u00f5es de com\u00e9rcio exterior e a regimes de san\u00e7\u00f5es econ\u00f4micas.<\/p>\n<p>&nbsp;<\/p>\n<p>Combinando vis\u00e3o global e conhecimento profundo da legisla\u00e7\u00e3o brasileira, nossos servi\u00e7os asseguram apoio jur\u00eddico robusto em ambientes cada vez mais complexos e competitivos, permitindo que clientes maximizem resultados e tomem decis\u00f5es estrat\u00e9gicas embasadas no cen\u00e1rio regulat\u00f3rio atual.<\/p>\n","protected":false},"excerpt":{"rendered":"<p>A \u00e1rea de International Trade do escrit\u00f3rio oferece assessoria estrat\u00e9gica e integrada para empresas que atuam ou desejam atuar no com\u00e9rcio global de bens e servi\u00e7os. &nbsp; Nossa atua\u00e7\u00e3o combina profundo conhecimento regulat\u00f3rio, s\u00f3lido entendimento do ambiente aduaneiro-tribut\u00e1rio e expertise em mecanismos de defesa comercial, com foco em mitigar riscos, ampliar oportunidades de mercado e [&hellip;]<\/p>\n","protected":false},"author":13,"featured_media":0,"parent":55,"menu_order":0,"comment_status":"closed","ping_status":"closed","template":"page-area-atuacao.php","meta":{"_acf_changed":false,"footnotes":""},"class_list":["post-18399","page","type-page","status-publish","hentry"],"acf":[],"_links":{"self":[{"href":"https:\/\/cmalaw.com\/homolog\/wp-json\/wp\/v2\/pages\/18399","targetHints":{"allow":["GET"]}}],"collection":[{"href":"https:\/\/cmalaw.com\/homolog\/wp-json\/wp\/v2\/pages"}],"about":[{"href":"https:\/\/cmalaw.com\/homolog\/wp-json\/wp\/v2\/types\/page"}],"author":[{"embeddable":true,"href":"https:\/\/cmalaw.com\/homolog\/wp-json\/wp\/v2\/users\/13"}],"replies":[{"embeddable":true,"href":"https:\/\/cmalaw.com\/homolog\/wp-json\/wp\/v2\/comments?post=18399"}],"version-history":[{"count":6,"href":"https:\/\/cmalaw.com\/homolog\/wp-json\/wp\/v2\/pages\/18399\/revisions"}],"predecessor-version":[{"id":18414,"href":"https:\/\/cmalaw.com\/homolog\/wp-json\/wp\/v2\/pages\/18399\/revisions\/18414"}],"up":[{"embeddable":true,"href":"https:\/\/cmalaw.com\/homolog\/wp-json\/wp\/v2\/pages\/55"}],"wp:attachment":[{"href":"https:\/\/cmalaw.com\/homolog\/wp-json\/wp\/v2\/media?parent=18399"}],"curies":[{"name":"wp","href":"https:\/\/api.w.org\/{rel}","templated":true}]}}