{"id":4403,"date":"2020-05-08T14:11:39","date_gmt":"2020-05-08T17:11:39","guid":{"rendered":"https:\/\/cmalaw.com\/?page_id=4403"},"modified":"2025-08-25T16:36:00","modified_gmt":"2025-08-25T19:36:00","slug":"cybersecurity","status":"publish","type":"page","link":"https:\/\/cmalaw.com\/homolog\/areas-de-atuacao\/areas-de-pratica\/cybersecurity\/","title":{"rendered":"Cybersecurity"},"content":{"rendered":"<span style=\"color: #081572;\"><strong><i>Empresas de todo o mundo realizam cada vez mais neg\u00f3cios e processos dentro de um ambiente tecnol\u00f3gico, o que exige medidas de prote\u00e7\u00e3o e seguran\u00e7a.<\/i><\/strong><\/span>\r\n\r\nNossos clientes t\u00eam aumentado a sua preocupa\u00e7\u00e3o com rela\u00e7\u00e3o a poss\u00edveis ataques cibern\u00e9ticos, que colocam em risco uma imensa gama de informa\u00e7\u00f5es confidenciais e estrat\u00e9gicas, incluindo dados pessoais.\r\n\r\nNo CMA, desenvolvemos uma assessoria jur\u00eddica especializada em ambiente digital capaz de apoiar empresas nas quest\u00f5es de seguran\u00e7a e prote\u00e7\u00e3o de dados.\r\n\r\nA ado\u00e7\u00e3o das melhores pr\u00e1ticas, em conformidade com a LGPD \u2013 Lei Geral de Prote\u00e7\u00e3o de Dados, \u00e9 uma demanda crescente e no CMA entendemos que ela deve ser apoiada por uma completa e efetiva expertise jur\u00eddica.\r\n\r\n<strong>Nossa \u00e1rea de Cybersecurity atua de forma integrada \u00e0 \u00e1rea de Direito Penal Empresarial com uma equipe estruturada para atendimento aos mais diversos cen\u00e1rios:<\/strong>\r\n<ul>\r\n \t<li>Preven\u00e7\u00e3o &#8211; Avalia\u00e7\u00e3o de riscos e implementa\u00e7\u00e3o de programas, pol\u00edticas e procedimentos de seguran\u00e7a da informa\u00e7\u00e3o e cibern\u00e9tica e resposta a incidentes;<\/li>\r\n \t<li>Acompanhamento e rea\u00e7\u00e3o &#8211; Coordena\u00e7\u00e3o de resposta interna a incidentes, elabora\u00e7\u00e3o de notifica\u00e7\u00e3o de incidentes \u00e0s autoridades e \u00e0s pessoas afetadas, coordena\u00e7\u00e3o de empresas forenses em investiga\u00e7\u00f5es de incidentes, aconselhamento jur\u00eddico, mitiga\u00e7\u00e3o de impactos negativos, antecipa\u00e7\u00e3o de poss\u00edveis impactos decorrentes de um ataque cibern\u00e9tico ou de vazamento de dados, al\u00e9m de representa\u00e7\u00e3o de empresas e seus representantes legais em procedimentos iniciados pelas autoridades competentes;<\/li>\r\n \t<li>Revis\u00e3o &#8211; Revis\u00e3o de pol\u00edticas internas e protocolos com base nas li\u00e7\u00f5es aprendidas para evitar que incidentes semelhantes ocorram novamente.<\/li>\r\n \t<li>Assessoria \u2013 Assessoria de clientes em mat\u00e9rias de incidentes cibern\u00e9ticos, tais como:<\/li>\r\n \t<li>Treinamentos internos para executivos e colaboradores para conscientiza\u00e7\u00e3o sobre riscos cibern\u00e9ticos, melhores pr\u00e1ticas e protocolo de resposta a incidentes;<\/li>\r\n \t<li>Elabora\u00e7\u00e3o de notifica\u00e7\u00f5es, de pol\u00edticas internas de seguran\u00e7a cibern\u00e9tica e de protocolos de resposta a incidentes;<\/li>\r\n \t<li>Condu\u00e7\u00e3o de due diligence e <i>risk<\/i> <i>assessment<\/i> focados em seguran\u00e7a cibern\u00e9tica no \u00e2mbito de auditorias de M&amp;A;<\/li>\r\n \t<li>Suporte na tratativa com autoridades policiais e com o Poder Judici\u00e1rio em requisi\u00e7\u00f5es oficiais de dados pessoais \u00fateis em investiga\u00e7\u00f5es criminais;<\/li>\r\n \t<li>Aconselhamento jur\u00eddico e defesa de empresas e pessoas em casos de incidentes cibern\u00e9ticos e cibercrimes, com apresenta\u00e7\u00e3o de riscos legais e recomenda\u00e7\u00e3o de a\u00e7\u00f5es a serem adotadas.<\/li>\r\n<\/ul>\r\n<!-- \/wp:post-content -->","protected":false},"excerpt":{"rendered":"<p>Empresas de todo o mundo realizam cada vez mais neg\u00f3cios e processos dentro de um ambiente tecnol\u00f3gico, o que exige medidas de prote\u00e7\u00e3o e seguran\u00e7a. Nossos clientes t\u00eam aumentado a sua preocupa\u00e7\u00e3o com rela\u00e7\u00e3o a poss\u00edveis ataques cibern\u00e9ticos, que colocam em risco uma imensa gama de informa\u00e7\u00f5es confidenciais e estrat\u00e9gicas, incluindo dados pessoais. No CMA, [&hellip;]<\/p>\n","protected":false},"author":14,"featured_media":0,"parent":55,"menu_order":0,"comment_status":"closed","ping_status":"closed","template":"page-area-atuacao.php","meta":{"_acf_changed":false,"footnotes":""},"class_list":["post-4403","page","type-page","status-publish","hentry"],"acf":[],"_links":{"self":[{"href":"https:\/\/cmalaw.com\/homolog\/wp-json\/wp\/v2\/pages\/4403","targetHints":{"allow":["GET"]}}],"collection":[{"href":"https:\/\/cmalaw.com\/homolog\/wp-json\/wp\/v2\/pages"}],"about":[{"href":"https:\/\/cmalaw.com\/homolog\/wp-json\/wp\/v2\/types\/page"}],"author":[{"embeddable":true,"href":"https:\/\/cmalaw.com\/homolog\/wp-json\/wp\/v2\/users\/14"}],"replies":[{"embeddable":true,"href":"https:\/\/cmalaw.com\/homolog\/wp-json\/wp\/v2\/comments?post=4403"}],"version-history":[{"count":8,"href":"https:\/\/cmalaw.com\/homolog\/wp-json\/wp\/v2\/pages\/4403\/revisions"}],"predecessor-version":[{"id":16811,"href":"https:\/\/cmalaw.com\/homolog\/wp-json\/wp\/v2\/pages\/4403\/revisions\/16811"}],"up":[{"embeddable":true,"href":"https:\/\/cmalaw.com\/homolog\/wp-json\/wp\/v2\/pages\/55"}],"wp:attachment":[{"href":"https:\/\/cmalaw.com\/homolog\/wp-json\/wp\/v2\/media?parent=4403"}],"curies":[{"name":"wp","href":"https:\/\/api.w.org\/{rel}","templated":true}]}}