{"id":5046,"date":"2020-12-03T14:11:25","date_gmt":"2020-12-03T17:11:25","guid":{"rendered":"https:\/\/cmalaw.com\/?page_id=5046"},"modified":"2025-10-23T11:05:55","modified_gmt":"2025-10-23T14:05:55","slug":"energia-recursos-naturais","status":"publish","type":"page","link":"https:\/\/cmalaw.com\/homolog\/areas-de-atuacao\/setores\/energia-recursos-naturais\/","title":{"rendered":"Energia e Recursos Naturais"},"content":{"rendered":"<p><strong><span style=\"color: #682463;\"><span style=\"color: #081572;\">Energia El\u00e9trica<\/span><\/span><\/strong><\/p>\n<p>Os players do mercado est\u00e3o em busca de parceiros para viabiliza\u00e7\u00e3o de projetos que v\u00e3o al\u00e9m do conhecimento jur\u00eddico. \u00c9 necess\u00e1rio oferecer solu\u00e7\u00f5es criativas e inovadoras para os desafios do setor, ter um olhar atento para o mercado\u00a0e ser capaz de atender a novas demandas a fim de promover neg\u00f3cios. E \u00e9 assim que nossa equipe trabalha.<\/p>\n<p>Atuamos como uma extens\u00e3o da sua equipe e caminhamos juntos para estrutura\u00e7\u00e3o, desenvolvimento e implementa\u00e7\u00e3o de projetos.<\/p>\n<p>Temos uma equipe de energia multidisciplinar com expertise em quest\u00f5es societ\u00e1rias, contratuais, regulat\u00f3rias, imobili\u00e1rias, tribut\u00e1rias, ambientais e de desenvolvimento e financiamento de projetos, preparada para fornecer consultoria e aconselhamento para nossos clientes em todas as etapas dos projetos, do planejamento \u00e0 opera\u00e7\u00e3o, passando por aspectos jur\u00eddicos, comerciais e estrat\u00e9gicos.<\/p>\n<p>Nosso pool de clientes abrange\u00a0empresas nacionais e estrangeiras que j\u00e1 operam ou planejam ingressar no\u00a0mercado de energia brasileiro, recebendo suporte em suas demandas\u00a0de maneira integrada e adaptada \u00e0s\u00a0necessidades em todas as fases de seu neg\u00f3cio.<\/p>\n<p><strong><span style=\"color: #682463;\"><span style=\"color: #081572;\">Minera\u00e7\u00e3o<\/span><\/span><\/strong><\/p>\n<p><i>Independentemente da localiza\u00e7\u00e3o das opera\u00e7\u00f5es, investimentos ou aquisi\u00e7\u00f5es de nossos clientes, oferecemos uma vis\u00e3o inovadora e assessoria estrat\u00e9gica para ajud\u00e1-los a superar desafios e aproveitar oportunidades. Compreendemos profundamente a ind\u00fastria, seu papel em constante evolu\u00e7\u00e3o na cadeia global de fornecimento, bem como os impactos das quest\u00f5es ambientais, sociais e de governan\u00e7a que a moldam.<\/i><\/p>\n<p>Nossa equipe multidisciplinar re\u00fane ampla experi\u00eancia global para oferecer assessoria jur\u00eddica completa ao longo de todo o ciclo de vida de projetos de minera\u00e7\u00e3o, especialmente em um cen\u00e1rio de transi\u00e7\u00e3o energ\u00e9tica din\u00e2mica.<\/p>\n<p>Atuamos em todas as etapas da explora\u00e7\u00e3o mineral, desde as fases iniciais at\u00e9 a viabilidade, desenvolvimento, opera\u00e7\u00f5es cotidianas, desinvestimentos e encerramento das opera\u00e7\u00f5es. Al\u00e9m disso, contamos com s\u00f3lida expertise em fus\u00f5es e aquisi\u00e7\u00f5es, joint ventures, financiamentos e resolu\u00e7\u00e3o de lit\u00edgios.<\/p>\n<p>Nossa abordagem baseia-se na compreens\u00e3o aprofundada dos ambientes regulat\u00f3rios locais, dos principais fatores e sensibilidades de cada projeto e dos mercados em que nossos clientes atuam. Oferecemos suporte integral para diversas mat\u00e9rias-primas, incluindo commodities a granel, metais b\u00e1sicos e minerais cr\u00edticos.<\/p>\n","protected":false},"excerpt":{"rendered":"<p>Energia El\u00e9trica Os players do mercado est\u00e3o em busca de parceiros para viabiliza\u00e7\u00e3o de projetos que v\u00e3o al\u00e9m do conhecimento jur\u00eddico. \u00c9 necess\u00e1rio oferecer solu\u00e7\u00f5es criativas e inovadoras para os desafios do setor, ter um olhar atento para o mercado\u00a0e ser capaz de atender a novas demandas a fim de promover neg\u00f3cios. E \u00e9 assim [&hellip;]<\/p>\n","protected":false},"author":14,"featured_media":0,"parent":243,"menu_order":0,"comment_status":"closed","ping_status":"closed","template":"page-area-atuacao.php","meta":{"_acf_changed":false,"footnotes":""},"class_list":["post-5046","page","type-page","status-publish","hentry"],"acf":[],"_links":{"self":[{"href":"https:\/\/cmalaw.com\/homolog\/wp-json\/wp\/v2\/pages\/5046","targetHints":{"allow":["GET"]}}],"collection":[{"href":"https:\/\/cmalaw.com\/homolog\/wp-json\/wp\/v2\/pages"}],"about":[{"href":"https:\/\/cmalaw.com\/homolog\/wp-json\/wp\/v2\/types\/page"}],"author":[{"embeddable":true,"href":"https:\/\/cmalaw.com\/homolog\/wp-json\/wp\/v2\/users\/14"}],"replies":[{"embeddable":true,"href":"https:\/\/cmalaw.com\/homolog\/wp-json\/wp\/v2\/comments?post=5046"}],"version-history":[{"count":25,"href":"https:\/\/cmalaw.com\/homolog\/wp-json\/wp\/v2\/pages\/5046\/revisions"}],"predecessor-version":[{"id":17159,"href":"https:\/\/cmalaw.com\/homolog\/wp-json\/wp\/v2\/pages\/5046\/revisions\/17159"}],"up":[{"embeddable":true,"href":"https:\/\/cmalaw.com\/homolog\/wp-json\/wp\/v2\/pages\/243"}],"wp:attachment":[{"href":"https:\/\/cmalaw.com\/homolog\/wp-json\/wp\/v2\/media?parent=5046"}],"curies":[{"name":"wp","href":"https:\/\/api.w.org\/{rel}","templated":true}]}}