{"id":5650,"date":"2021-06-24T16:09:25","date_gmt":"2021-06-24T19:09:25","guid":{"rendered":"https:\/\/cmalaw.com\/?page_id=5650"},"modified":"2025-01-15T15:37:14","modified_gmt":"2025-01-15T18:37:14","slug":"esg","status":"publish","type":"page","link":"https:\/\/cmalaw.com\/homolog\/areas-de-atuacao\/areas-de-pratica\/esg\/","title":{"rendered":"ESG"},"content":{"rendered":"<h3 style=\"text-align: justify;\"><span style=\"color: #682463;\">Com o atual contexto mundial, as pr\u00e1ticas de SESG (Sustainability, Environmental, Social and Governance)<span style=\"font-weight: 400;\">\u00a0<\/span><strong>a serem adotadas <\/strong> pelas empresas s\u00e3o cada vez mais necess\u00e1rias.<\/span><\/h3>\n<p style=\"text-align: justify;\">Preparamos um material rico com informa\u00e7\u00f5es relevantes sobre as pr\u00e1ticas de SESG no Brasil e exterior. Na brochura voc\u00ea ir\u00e1 encontrar desde o conceito de SESG at\u00e9 como coloc\u00e1-lo em pr\u00e1tica. A abordagem \u00e9 feita de forma ampla e com foco nos principais setores da economia, considerando suas oportunidades e desafios de forma singular.<\/p>\n","protected":false},"excerpt":{"rendered":"<p>Com o atual contexto mundial, as pr\u00e1ticas de SESG (Sustainability, Environmental, Social and Governance)\u00a0a serem adotadas pelas empresas s\u00e3o cada vez mais necess\u00e1rias. Preparamos um material rico com informa\u00e7\u00f5es relevantes sobre as pr\u00e1ticas de SESG no Brasil e exterior. Na brochura voc\u00ea ir\u00e1 encontrar desde o conceito de SESG at\u00e9 como coloc\u00e1-lo em pr\u00e1tica. A [&hellip;]<\/p>\n","protected":false},"author":14,"featured_media":0,"parent":55,"menu_order":0,"comment_status":"closed","ping_status":"closed","template":"page-area-atuacao.php","meta":{"_acf_changed":false,"footnotes":""},"class_list":["post-5650","page","type-page","status-publish","hentry"],"acf":[],"_links":{"self":[{"href":"https:\/\/cmalaw.com\/homolog\/wp-json\/wp\/v2\/pages\/5650","targetHints":{"allow":["GET"]}}],"collection":[{"href":"https:\/\/cmalaw.com\/homolog\/wp-json\/wp\/v2\/pages"}],"about":[{"href":"https:\/\/cmalaw.com\/homolog\/wp-json\/wp\/v2\/types\/page"}],"author":[{"embeddable":true,"href":"https:\/\/cmalaw.com\/homolog\/wp-json\/wp\/v2\/users\/14"}],"replies":[{"embeddable":true,"href":"https:\/\/cmalaw.com\/homolog\/wp-json\/wp\/v2\/comments?post=5650"}],"version-history":[{"count":6,"href":"https:\/\/cmalaw.com\/homolog\/wp-json\/wp\/v2\/pages\/5650\/revisions"}],"predecessor-version":[{"id":16035,"href":"https:\/\/cmalaw.com\/homolog\/wp-json\/wp\/v2\/pages\/5650\/revisions\/16035"}],"up":[{"embeddable":true,"href":"https:\/\/cmalaw.com\/homolog\/wp-json\/wp\/v2\/pages\/55"}],"wp:attachment":[{"href":"https:\/\/cmalaw.com\/homolog\/wp-json\/wp\/v2\/media?parent=5650"}],"curies":[{"name":"wp","href":"https:\/\/api.w.org\/{rel}","templated":true}]}}