{"id":5859,"date":"2021-06-28T16:13:44","date_gmt":"2021-06-28T19:13:44","guid":{"rendered":"https:\/\/cmalaw.com\/?page_id=5859"},"modified":"2025-06-25T18:55:17","modified_gmt":"2025-06-25T21:55:17","slug":"direito-penal-empresarial","status":"publish","type":"page","link":"https:\/\/cmalaw.com\/homolog\/areas-de-atuacao\/areas-de-pratica\/direito-penal-empresarial\/","title":{"rendered":"Penal Empresarial"},"content":{"rendered":"<p><span style=\"color: #081572;\"><strong><i>Os crimes empresariais permeiam toda a vida das empresas, com incid\u00eancia sobre sua constitui\u00e7\u00e3o, a produ\u00e7\u00e3o e a distribui\u00e7\u00e3o de seus produtos e servi\u00e7os nos mercados.<\/i><\/strong><\/span><\/p>\n<p>O Brasil possui normas penais que repercutem em quase todas as atividades empresariais. As rela\u00e7\u00f5es de trabalho e de consumo, bem como quest\u00f5es tribut\u00e1rias e financeiras tamb\u00e9m s\u00e3o objeto de farta legisla\u00e7\u00e3o criminal. Essa elevada incid\u00eancia penal sobre a atividade empresarial se traduz em cada vez mais exposi\u00e7\u00e3o de empresas, gestores e colaborares a riscos penais.<\/p>\n<p>Ao mesmo tempo, a globaliza\u00e7\u00e3o e o avan\u00e7o tecnol\u00f3gico t\u00eam aumentado o grau de sofistica\u00e7\u00e3o e organiza\u00e7\u00e3o das empresas. Modernas e muitas vezes complexas estruturas empresariais fomentam discuss\u00f5es sobre a necessidade de um Direito Penal Empresarial mais rigoroso.<\/p>\n<p>A equipe de Direito Penal Empresarial do CMA possui ampla experi\u00eancia em consultoria e resolu\u00e7\u00e3o de quest\u00f5es criminais complexas relacionadas \u00e0 atividade empresarial. Os trabalhos s\u00e3o desenvolvidos de forma multidisciplinar, sempre com apoio de outras pr\u00e1ticas do CMA relevantes ao assunto em discuss\u00e3o.<\/p>\n<p><strong>Os profissionais est\u00e3o preparados para assessorar os clientes em quest\u00f5es consultivas e contenciosas, sempre focando na preven\u00e7\u00e3o e na resolu\u00e7\u00e3o de disputas atuais ou futuras. Os servi\u00e7os englobam:<\/strong><\/p>\n<ul>\n<li>Elabora\u00e7\u00e3o de opini\u00f5es legais sobre riscos criminais decorrentes de situa\u00e7\u00f5es espec\u00edficas apresentadas por clientes;<\/li>\n<li>Implementa\u00e7\u00e3o de programas de preven\u00e7\u00e3o \u00e0 lavagem de dinheiro e financiamento ao terrorismo (PLD\/FT);<\/li>\n<li>Participa\u00e7\u00e3o em auditorias de M&amp;A para identifica\u00e7\u00e3o e mitiga\u00e7\u00e3o de riscos penais;<\/li>\n<li>Elabora\u00e7\u00e3o de protocolos, treinamentos e suporte a clientes em buscas e apreens\u00f5es, inspe\u00e7\u00f5es e visitas governamentais;<\/li>\n<li>Representa\u00e7\u00e3o de clientes em investiga\u00e7\u00f5es governamentais e a\u00e7\u00f5es penais, seja como v\u00edtimas ou suspeitos pela pr\u00e1tica de crimes empresariais;<\/li>\n<li>Representa\u00e7\u00e3o de clientes perante Pol\u00edcias, membros do Minist\u00e9rio P\u00fablico, membros do Poder Judici\u00e1rio e \u00f3rg\u00e3os de controle;<\/li>\n<li>Negocia\u00e7\u00e3o de acordos de colabora\u00e7\u00e3o premiada com \u00f3rg\u00e3os de persecu\u00e7\u00e3o criminal.<\/li>\n<\/ul>\n<p>&nbsp;<\/p>\n","protected":false},"excerpt":{"rendered":"<p>Os crimes empresariais permeiam toda a vida das empresas, com incid\u00eancia sobre sua constitui\u00e7\u00e3o, a produ\u00e7\u00e3o e a distribui\u00e7\u00e3o de seus produtos e servi\u00e7os nos mercados. O Brasil possui normas penais que repercutem em quase todas as atividades empresariais. As rela\u00e7\u00f5es de trabalho e de consumo, bem como quest\u00f5es tribut\u00e1rias e financeiras tamb\u00e9m s\u00e3o objeto [&hellip;]<\/p>\n","protected":false},"author":14,"featured_media":10338,"parent":55,"menu_order":0,"comment_status":"closed","ping_status":"closed","template":"bkp-131222---page_area-atuacao.php","meta":{"_acf_changed":false,"footnotes":""},"class_list":["post-5859","page","type-page","status-publish","has-post-thumbnail","hentry"],"acf":[],"_links":{"self":[{"href":"https:\/\/cmalaw.com\/homolog\/wp-json\/wp\/v2\/pages\/5859","targetHints":{"allow":["GET"]}}],"collection":[{"href":"https:\/\/cmalaw.com\/homolog\/wp-json\/wp\/v2\/pages"}],"about":[{"href":"https:\/\/cmalaw.com\/homolog\/wp-json\/wp\/v2\/types\/page"}],"author":[{"embeddable":true,"href":"https:\/\/cmalaw.com\/homolog\/wp-json\/wp\/v2\/users\/14"}],"replies":[{"embeddable":true,"href":"https:\/\/cmalaw.com\/homolog\/wp-json\/wp\/v2\/comments?post=5859"}],"version-history":[{"count":6,"href":"https:\/\/cmalaw.com\/homolog\/wp-json\/wp\/v2\/pages\/5859\/revisions"}],"predecessor-version":[{"id":16463,"href":"https:\/\/cmalaw.com\/homolog\/wp-json\/wp\/v2\/pages\/5859\/revisions\/16463"}],"up":[{"embeddable":true,"href":"https:\/\/cmalaw.com\/homolog\/wp-json\/wp\/v2\/pages\/55"}],"wp:featuredmedia":[{"embeddable":true,"href":"https:\/\/cmalaw.com\/homolog\/wp-json\/wp\/v2\/media\/10338"}],"wp:attachment":[{"href":"https:\/\/cmalaw.com\/homolog\/wp-json\/wp\/v2\/media?parent=5859"}],"curies":[{"name":"wp","href":"https:\/\/api.w.org\/{rel}","templated":true}]}}