{"id":68,"date":"2018-06-08T11:28:05","date_gmt":"2018-06-08T14:28:05","guid":{"rendered":"http:\/\/noblind.com.br\/clientes\/CMA\/site\/?page_id=68"},"modified":"2025-11-13T16:51:50","modified_gmt":"2025-11-13T19:51:50","slug":"ambiental","status":"publish","type":"page","link":"https:\/\/cmalaw.com\/homolog\/areas-de-atuacao\/areas-de-pratica\/ambiental\/","title":{"rendered":"AMBIENTAL"},"content":{"rendered":"\r\n<p><i><strong><span style=\"color: #081572;\">Contencioso e Consultivo Ambiental: temas estrat\u00e9gicos e que requerem uma assessoria jur\u00eddica \u00fanica diante da experi\u00eancia de seu time<\/span><\/strong>.<\/i><\/p>\r\n\r\n\r\n\r\n<p>A quest\u00e3o ambiental \u00e9 estrat\u00e9gica para diversos setores, como o industrial e o de energia, em que o CMA possui vasta experi\u00eancia e amplo conhecimento em assuntos regulat\u00f3rios e contenciosos administrativo, civil e criminal. Uma expertise que nos torna refer\u00eancia no aconselhamento e apoio jur\u00eddico ao cliente em uma variedade de quest\u00f5es ambientais.<\/p>\r\n\r\n\r\n\r\n<p><span style=\"color: #682463;\"><span class=\"has-inline-color\"><strong><span style=\"color: #081572;\">CONSULTIVO AMBIENTAL<\/span><\/strong><\/span><\/span><\/p>\r\n<p><strong>Consultoria jur\u00eddica ambiental em rela\u00e7\u00e3o a diversos temas:\u00a0<\/strong><\/p>\r\n<ul>\r\n<li>Licenciamento Ambiental<\/li>\r\n<li>Recursos H\u00eddricos<\/li>\r\n<li>\u00c1reas Contaminadas<\/li>\r\n<li>Espa\u00e7os e Bens Especialmente Protegidos<\/li>\r\n<li>Gerenciamento de Res\u00edduos<\/li>\r\n<li>Emiss\u00f5es Atmosf\u00e9ricas<\/li>\r\n<li>Gest\u00e3o de Acidentes Ambientais<\/li>\r\n<li>Biosseguran\u00e7a<\/li>\r\n<li>Biodiversidade<\/li>\r\n<li>Sustentabilidade<\/li>\r\n<li>Compliance Ambiental<\/li>\r\n<li>Transa\u00e7\u00f5es de M&amp;A e banc\u00e1rio<\/li>\r\n<li>Responsabilidade Socioambiental de Institui\u00e7\u00f5es Financeiras<\/li>\r\n<li>Transa\u00e7\u00f5es imobili\u00e1rias<\/li>\r\n<li>Mudan\u00e7as e riscos clim\u00e1ticos<\/li>\r\n<li>Mercado de Carbono<\/li>\r\n<\/ul>\r\n\r\n\r\n\r\n<p><strong><span style=\"color: #682463;\"><span style=\"color: #081572;\">CONTENCIOSO AMBIENTAL<\/span>\u00a0<\/span><\/strong><\/p>\r\n<p><strong>Suporte jur\u00eddico estrat\u00e9gico e representa\u00e7\u00e3o em processos administrativos e judiciais que envolvam mat\u00e9ria ambiental:<\/strong><\/p>\r\n<ul>\r\n<li>Processos Administrativos<\/li>\r\n<li>Inqu\u00e9ritos Civil e Criminal<\/li>\r\n<li>Processos Judiciais<\/li>\r\n<li>Negocia\u00e7\u00e3o e Media\u00e7\u00e3o<\/li>\r\n<li>Gerenciamento de Crise<\/li>\r\n<\/ul>\r\n<p>\r\n\r\n<\/p>\r\n<p><\/p>","protected":false},"excerpt":{"rendered":"<p>Contencioso e Consultivo Ambiental: temas estrat\u00e9gicos e que requerem uma assessoria jur\u00eddica \u00fanica diante da experi\u00eancia de seu time. A quest\u00e3o ambiental \u00e9 estrat\u00e9gica para diversos setores, como o industrial e o de energia, em que o CMA possui vasta experi\u00eancia e amplo conhecimento em assuntos regulat\u00f3rios e contenciosos administrativo, civil e criminal. Uma expertise [&hellip;]<\/p>\n","protected":false},"author":14,"featured_media":0,"parent":55,"menu_order":0,"comment_status":"closed","ping_status":"closed","template":"page-area-atuacao.php","meta":{"_acf_changed":false,"footnotes":""},"class_list":["post-68","page","type-page","status-publish","hentry"],"acf":[],"_links":{"self":[{"href":"https:\/\/cmalaw.com\/homolog\/wp-json\/wp\/v2\/pages\/68","targetHints":{"allow":["GET"]}}],"collection":[{"href":"https:\/\/cmalaw.com\/homolog\/wp-json\/wp\/v2\/pages"}],"about":[{"href":"https:\/\/cmalaw.com\/homolog\/wp-json\/wp\/v2\/types\/page"}],"author":[{"embeddable":true,"href":"https:\/\/cmalaw.com\/homolog\/wp-json\/wp\/v2\/users\/14"}],"replies":[{"embeddable":true,"href":"https:\/\/cmalaw.com\/homolog\/wp-json\/wp\/v2\/comments?post=68"}],"version-history":[{"count":18,"href":"https:\/\/cmalaw.com\/homolog\/wp-json\/wp\/v2\/pages\/68\/revisions"}],"predecessor-version":[{"id":18403,"href":"https:\/\/cmalaw.com\/homolog\/wp-json\/wp\/v2\/pages\/68\/revisions\/18403"}],"up":[{"embeddable":true,"href":"https:\/\/cmalaw.com\/homolog\/wp-json\/wp\/v2\/pages\/55"}],"wp:attachment":[{"href":"https:\/\/cmalaw.com\/homolog\/wp-json\/wp\/v2\/media?parent=68"}],"curies":[{"name":"wp","href":"https:\/\/api.w.org\/{rel}","templated":true}]}}