{"id":70,"date":"2018-06-08T11:28:29","date_gmt":"2018-06-08T14:28:29","guid":{"rendered":"http:\/\/noblind.com.br\/clientes\/CMA\/site\/?page_id=70"},"modified":"2025-09-23T16:17:00","modified_gmt":"2025-09-23T19:17:00","slug":"contencioso-arbitragem-e-mediacao","status":"publish","type":"page","link":"https:\/\/cmalaw.com\/homolog\/areas-de-atuacao\/areas-de-pratica\/contencioso-arbitragem-e-mediacao\/","title":{"rendered":"Contencioso C\u00edvel, Arbitragem e Media\u00e7\u00e3o"},"content":{"rendered":"<p><span style=\"color: #081572;\"><strong><i>Nossos advogados s\u00e3o plenamente qualificados para analisar as quest\u00f5es trazidas sob diferentes \u00e2ngulos e propor solu\u00e7\u00f5es criativas e pr\u00e1ticas de acordo com as necessidades de cada cliente.<\/i><\/strong><\/span><\/p>\r\n<p>Prestamos assessoria pr\u00e9-contenciosa, contribuindo para a tomada de decis\u00e3o pelo cliente a respeito de litigar ou n\u00e3o, e, em caso positivo, em qual extens\u00e3o.<\/p>\r\n<p>Baseados em nosso conhecimento jur\u00eddico, e em nossa vasta experi\u00eancia em disputas, nacionais e internacionais, na esfera judicial, administrativa, bem como em arbitragens conduzidas pelas mais importantes e reconhecidas c\u00e2maras arbitrais, do Brasil e do mundo, avaliamos previamente quais as chances reais de \u00eaxito do cliente, o tempo a ser despendido, bem como os custos diretos e indiretos relacionados \u00e0 disputa. Tal ordem de an\u00e1lises respalda a decis\u00e3o a ser tomada sobre estabelecer ou n\u00e3o o lit\u00edgio, realizar composi\u00e7\u00f5es, submeter a controv\u00e9rsia \u00e0 media\u00e7\u00e3o ou qualquer outra de enfrentamento do problema.\u00a0<\/p>\r\n\r\n<p>Nosso experiente time atua em situa\u00e7\u00f5es que est\u00e3o sob as regras das principais institui\u00e7\u00f5es arbitrais brasileiras e internacionais. Representar os clientes em disputas e atuar de forma proativa e preventiva para o melhor resultado em quest\u00f5es de contencioso e arbitragem \u00e9 parte do atendimento jur\u00eddico especializado\u00a0 do CMA.<\/p>\r\n<p><strong>Nossa atua\u00e7\u00e3o possui um amplo conjunto de servi\u00e7os, tendo como destaques:<\/strong><\/p>\r\n<ul>\r\n<li>Atua\u00e7\u00e3o em disputas societ\u00e1rias decorrentes de M&amp;A relacionadas <i>v.g<\/i> ao pre\u00e7o, conting\u00eancias, declara\u00e7\u00f5es e garantias prestadas pelo vendedor. Tamb\u00e9m temos larga experi\u00eancia em disputas relacionadas \u00e0 responsabilidade civil do administrador, abuso de poder de controle, dissolu\u00e7\u00f5es de sociedade, inclusive, com exclus\u00e3o do s\u00f3cio faltante, e outras;<\/li>\r\n<li>Atua\u00e7\u00e3o em disputas relacionadas \u00e0s quest\u00f5es possess\u00f3rias de uma forma geral, em especial, \u00e0s servid\u00f5es de passagem;<\/li>\r\n<li>Atua\u00e7\u00e3o em disputas relacionadas a contratos de empreitada, com larga experi\u00eancia em toda sorte de contratos envolvendo o tema. Nossa atua\u00e7\u00e3o \u00e9 feita de forma muito pr\u00f3xima aos parceiros assistente t\u00e9cnicos, vale dizer, desde o momento no qual a disputa se anuncia, at\u00e9 o momento em que ela \u00e9 estabelecida, o que permite ao cliente antecipar riscos e oportunidades;<\/li>\r\n<li>Atua\u00e7\u00e3o na defesa de nossos clientes em A\u00e7\u00f5es Civis P\u00fablicas, notadamente, relacionadas a temas de direito ambiental;<\/li>\r\n<li>Ratifica\u00e7\u00e3o e execu\u00e7\u00e3o de decis\u00f5es arbitrais estrangeiras no Brasil e na elabora\u00e7\u00e3o de contratos e cl\u00e1usulas de resolu\u00e7\u00e3o de lit\u00edgios;.<\/li>\r\n<li>Disputas envolvendo contratos e obriga\u00e7\u00f5es;<\/li>\r\n<li>Quest\u00f5es consumeristas;<\/li>\r\n<li>Quest\u00f5es de responsabilidade civil;<\/li>\r\n<li>Quest\u00f5es imobili\u00e1rias;<\/li>\r\n<li>Quest\u00f5es regulat\u00f3rias e de direito p\u00fablico;<\/li>\r\n<li>Quest\u00f5es de direito digital;<\/li>\r\n<li><i>Product<\/i> <i>Liability<\/i>;<\/li>\r\n<li>Quest\u00f5es banc\u00e1rias;<\/li>\r\n<li>Recupera\u00e7\u00e3o judicial de cr\u00e9dito.<\/li>\r\n<\/ul>\r\n","protected":false},"excerpt":{"rendered":"<p>Nossos advogados s\u00e3o plenamente qualificados para analisar as quest\u00f5es trazidas sob diferentes \u00e2ngulos e propor solu\u00e7\u00f5es criativas e pr\u00e1ticas de acordo com as necessidades de cada cliente. Prestamos assessoria pr\u00e9-contenciosa, contribuindo para a tomada de decis\u00e3o pelo cliente a respeito de litigar ou n\u00e3o, e, em caso positivo, em qual extens\u00e3o. Baseados em nosso conhecimento [&hellip;]<\/p>\n","protected":false},"author":14,"featured_media":0,"parent":55,"menu_order":0,"comment_status":"closed","ping_status":"closed","template":"page-area-atuacao.php","meta":{"_acf_changed":false,"footnotes":""},"class_list":["post-70","page","type-page","status-publish","hentry"],"acf":[],"_links":{"self":[{"href":"https:\/\/cmalaw.com\/homolog\/wp-json\/wp\/v2\/pages\/70","targetHints":{"allow":["GET"]}}],"collection":[{"href":"https:\/\/cmalaw.com\/homolog\/wp-json\/wp\/v2\/pages"}],"about":[{"href":"https:\/\/cmalaw.com\/homolog\/wp-json\/wp\/v2\/types\/page"}],"author":[{"embeddable":true,"href":"https:\/\/cmalaw.com\/homolog\/wp-json\/wp\/v2\/users\/14"}],"replies":[{"embeddable":true,"href":"https:\/\/cmalaw.com\/homolog\/wp-json\/wp\/v2\/comments?post=70"}],"version-history":[{"count":6,"href":"https:\/\/cmalaw.com\/homolog\/wp-json\/wp\/v2\/pages\/70\/revisions"}],"predecessor-version":[{"id":17054,"href":"https:\/\/cmalaw.com\/homolog\/wp-json\/wp\/v2\/pages\/70\/revisions\/17054"}],"up":[{"embeddable":true,"href":"https:\/\/cmalaw.com\/homolog\/wp-json\/wp\/v2\/pages\/55"}],"wp:attachment":[{"href":"https:\/\/cmalaw.com\/homolog\/wp-json\/wp\/v2\/media?parent=70"}],"curies":[{"name":"wp","href":"https:\/\/api.w.org\/{rel}","templated":true}]}}